uppose -3*h + 3 = 0, -4*h + o = a - 11. What is the remainder when j(1) is divided by a?
6
Let k be (-8)/12 + 14/3. Suppose 111 = 5*z - k. Calculate the remainder when z is divided by 12.
11
Suppose p - 4*w = 37, -w + 0*w + 12 = p. Calculate the remainder when 30 is divided by p.
13
Let t = 71 + -28. Suppose 2*b = 153 - t. What is the remainder when b is divided by 19?
17
Let x(h) = 2*h - 7. Suppose f + 53 = -3*n, -4*n + 2*n + f = 42. What is the remainder when -2*-2*n/(-4) is divided by x(7)?
5
Suppose 4 + 0 = -2*y. Let f be y/4 + (-1)/(-2). Suppose 0 = 4*h - f*h - 32. What is the remainder when 15 is divided by h?
7
Suppose 5*m - p = 38, -7*m + 2*m + 3*p = -34. Suppose -4*l - k + 3*k = -82, -3*l = -4*k - 49. What is the remainder when l is divided by m?
7
Let y = -72 - -108. Suppose 4*z + 5*t - 68 = y, -77 = -3*z - 4*t. Calculate the remainder when z is divided by 16.
15
Let m(k) = 2*k**2 - 7*k + 5. Calculate the remainder when m(6) is divided by 12.
11
Let v(n) = 4*n**2 - 10*n + 7. Let t(h) = 5*h**2 - 11*h + 7. Let f(r) = 5*t(r) - 6*v(r). Calculate the remainder when 67 is divided by f(3).
16
Let v = -11 - -5. Calculate the remainder when 32/v*48/(-32) is divided by 2.
0
Let q be (-1 - -2) + (3 - 4). Suppose q = 5*b + 9 - 49. Calculate the remainder when 14 is divided by b.
6
Let t(o) = 3*o**3 - 5*o**2 + 7. What is the remainder when t(4) is divided by 21?
14
Let v(u) = -1 + 4*u + 25*u**2 - 26*u**2 + 4*u. What is the remainder when 31 is divided by v(6)?
9
Calculate the remainder when (4 + -2)*54/4 is divided by ((-9)/6)/((-7)/70).
12
Suppose 5*i - 3*b - 112 = 0, -7*i + 4*i + 4*b = -65. Calculate the remainder when i is divided by 13.
10
Suppose -4*p - 56 = -8*p. What is the remainder when p is divided by 7?
0
Let y = -3 - -1. Calculate the remainder when 26/8 - y/(-8) is divided by 2.
1
Let u(z) = -z**2 - 4*z + 2. Suppose 2*r + 58 - 4 = 0. Let q be (-2)/(-9) - (-114)/r. What is the remainder when u(q) is divided by 1?
0
Suppose -8*v + 200 = -3*v + 3*h, 2*h = 3*v - 101. Let q(c) = -c**2 + c + 19. Let n = 3 + -3. What is the remainder when v is divided by q(n)?
18
Let v(o) = -2*o**3 - 3*o**2 - 3. Let a be v(-4). Suppose 51 = 4*m - a. Calculate the remainder when m is divided by 11.
10
Suppose -4*q + 2*j + 55 = -135, 94 = 2*q - 2*j. Calculate the remainder when q is divided by 27.
21
Suppose l - 5 + 2 = 0. Suppose -l*r - 4*v = -33, 4*r + 4*v - 2*v = 54. Suppose j - r = -0*j. What is the remainder when 29 is divided by j?
14
Suppose 204 = -7*b + 10*b. Let v = b + -37. What is the remainder when v is divided by 8?
7
Let v be (6 + -5)/((-3)/75). What is the remainder when 118 is divided by (v/10)/((-2)/24)?
28
Suppose -3*z + 184 + 10 = -4*y, 3*y - 201 = -3*z. What is the remainder when z is divided by 23?
20
Suppose 4*z = 2*y - 340, -166 = -0*y - y + 3*z. What is the remainder when y is divided by 45?
43
What is the remainder when 39 is divided by (0 + (-14)/1)/(4/(-2))?
4
Let j(z) = -2*z - 6. Let i be j(-3). Suppose i*n - 300 = -4*n. What is the remainder when n is divided by 19?
18
Let a(b) = -b**3 - 6*b**2 - 5*b + 19. What is the remainder when 92 is divided by a(-5)?
16
Suppose 5*c - 130 = -5*c. Calculate the remainder when 47 is divided by c.
8
Let v = 18 - -31. What is the remainder when v is divided by 19?
11
Let c(s) = -3*s - 22. Let j be c(-9). Suppose 6 = x - 2*w, 0 = j*x - 2*w - 38. Calculate the remainder when 28 is divided by x.
4
Suppose 156 = c + 2*c. Suppose 2*s - 16 = -v, -3*v + 2*s = 12 - c. Calculate the remainder when -1 + 3 - 1*-38 is divided by v.
12
Let j = 14 + -9. Let f(s) = s**3 - 4*s**2 - 2*s - 1. Let n(x) = -10*x. What is the remainder when n(-4) is divided by f(j)?
12
Let k = 100 + -62. Let m = k - 3. Calculate the remainder when m is divided by 9.
8
Let p(h) = -h**3 + 2*h**2 + 5*h + 3. Let t be p(4). Suppose 4*a = 4*s - 288, -4*s = -a - 247 - 32. What is the remainder when (1 - (-6)/t)*s is divided by 12?
11
Let o = -3 - -6. Suppose 5*w - r - 10 - 1 = 0, -o*r + 7 = 5*w. Suppose -3*p + 0 - 4 = w*m, 5*p = 3*m + 25. Calculate the remainder when 4 is divided by p.
0
Let k = -10 + 12. Suppose 0 = k*n - 4*b - 242, b + 649 = 5*n + 2*b. Calculate the remainder when n is divided by 33.
30
Let l(n) = n**3 - 8*n**2 - 6*n. Let p(i) = -6*i**3 + 40*i**2 + 31*i. Let w(q) = -11*l(q) - 2*p(q). What is the remainder when w(-7) is divided by 12?
9
Let n(f) = -f**3 - f**2 - 3 + 0 + 0*f**2 - f + 8. Suppose -4*i + 13 = 5, 0 = -5*r - 4*i + 8. What is the remainder when 14 is divided by n(r)?
4
Let a(t) = -2*t**3 + 2*t**2 + 2*t - 2. Suppose 5*r = -2*x, r - 32 = -5*x - 9. Let j(q) = 2*q + 12. Calculate the remainder when j(11) is divided by a(r).
16
Let c = 14 - 8. Let a(d) = d + 2. Let m be a(0). Suppose 0 = -h - m*h + 30. Calculate the remainder when h is divided by c.
4
Let r = 3 - -10. What is the remainder when -51*2/(-4)*2 is divided by r?
12
Suppose 2*u - 6 - 4 = 0. Let b be (-10)/(2 - (-24)/(-9)). Suppose -u*c = -b - 45. Calculate the remainder when 22 is divided by c.
10
Suppose -5*r + 2*f = -0*f - 33, -4*r = -f - 27. Suppose -6*g = -45 + 27. Calculate the remainder when r is divided by g.
1
Suppose 5*n + 0*n = 35. Calculate the remainder when 9 is divided by n.
2
Suppose 0 = 5*p - p + 8. Suppose 36 = 4*y - 0*y - 4*u, 6 = -2*y - 4*u. Calculate the remainder when 26 is divided by y/p*(-54)/15.
8
Let o = -43 + 140. Calculate the remainder when o is divided by 29.
10
Suppose 5*g = 4*y - 217, 4*g - 62 - 240 = -5*y. Suppose -2*b = -z + 30, b - 34 + 139 = 5*z. What is the remainder when y is divided by z?
18
Suppose z = 2*h - 100, 3*h + 3*z = 5*h - 96. What is the remainder when h is divided by 26?
25
Let g(q) = -2*q + 8. Let t(b) = b**3 + 17*b**2 + 16*b + 12. Calculate the remainder when g(-7) is divided by t(-16).
10
Suppose -124 = -4*h - 12. Suppose 4*j - h - 8 = 0. What is the remainder when 16 is divided by j?
7
Let h be 96/54 - (-4)/18. Suppose h = -d + 17. Let m = -5 - -13. What is the remainder when d is divided by m?
7
Suppose -13 + 91 = 3*t. Suppose -5*f + 5*q = -40, q - 17 + 52 = 4*f. Calculate the remainder when t is divided by f.
8
Let h(r) be the second derivative of r**4/12 - 5*r**3/6 + r**2 - r. What is the remainder when h(10) is divided by (-2)/(-9) + (-160)/(-9)?
16
Let u(d) = -d**3 - 8*d**2 - d - 8. Let p be u(-8). Suppose 2*y + 4 + 0 = p. What is the remainder when 3 is divided by y*(-2 - (-3)/3)?
1
Suppose 0 = 9*m - 10*m - 10. Let a = m - -14. Calculate the remainder when 2/((-2)/(-11)) + -1 is divided by a.
2
Let f be 4*(2 + 6/(-4)). Suppose -f*j + 18 = -4*j. Calculate the remainder when (-4)/6 + (-213)/j is divided by 8.
7
Suppose -5*a + 58 = 4*p, -2*a + a - 2*p = -14. Calculate the remainder when 27 is divided by a.
7
Suppose -9 = 12*k - 69. Calculate the remainder when k is divided by 2.
1
Let a = -21 + 31. Let q = -3 + 4. Calculate the remainder when -2 + q + 2 - -17 is divided by a.
8
Let m(q) = 4*q**3 - 2*q + 1. Suppose -5*t = -2*t + 18. Let n = 13 + t. Calculate the remainder when n is divided by m(1).
1
What is the remainder when 248/6 + 10/(-30) is divided by 14?
13
Let q(b) = b**2 + 5*b - 5. Suppose -2*k + 5*j = -4, k + 4*j - 15 = -0*j. What is the remainder when q(-8) is divided by k?
5
Calculate the remainder when 51 is divided by (15/(-25))/(3/(-90)).
15
Suppose -5 = -3*h + 4*p, -h = -4*p - 1 + 10. Suppose -4*d + 2*s = -0*d - 66, 4*d = -5*s + 101. Calculate the remainder when d is divided by h.
5
Let n = 81 + -6. Suppose 3*i + 65 = 5*u, 2*i + n = 5*u + i. What is the remainder when 31 is divided by u?
15
Let d(m) = -2*m**2 - 13*m - 1. What is the remainder when d(-4) is divided by 5?
4
Suppose 5*p + 20 = 0, 0 = -4*a + 3*p + 2*p + 32. Suppose -6*f + 3*i = -f - 52, -8 = -f + a*i. Suppose -3 = g - f. What is the remainder when 15 is divided by g?
7
Suppose 3 - 7 = -2*d. Let s = -7 - 1. Let l = d - s. Calculate the remainder when 29 is divided by l.
9
Let q(b) = b**3 + 3*b**2 + 6. Let f be q(-5). Let i = f + 96. Let t = i - 36. What is the remainder when 30 is divided by t?
14
Suppose -59 = u + 5. Let w = -36 - u. Calculate the remainder when 53 is divided by w.
25
Suppose 0*d = 5*d - 275. Calculate the remainder when d is divided by 14.
13
What is the remainder when (-28)/((-5)/3 - -1) is divided by 